9?
-18
What is 31 (base 7) in base 15?
17
8 (base 16) to base 9
8
What is 51 (base 8) in base 7?
56
-10 (base 10) to base 5
-20
33 (base 4) to base 2
1111
-62 (base 15) to base 10
-92
11 (base 12) to base 7
16
What is -130 (base 7) in base 10?
-70
10 (base 4) to base 10
4
-2 (base 5) to base 8
-2
What is -1243 (base 5) in base 7?
-402
Convert 0 (base 5) to base 3.
0
0 (base 3) to base 4
0
What is -302 (base 5) in base 9?
-85
2 (base 15) to base 6
2
Convert -10 (base 3) to base 16.
-3
Convert 19 (base 10) to base 11.
18
What is 0 (base 10) in base 7?
0
-2100 (base 3) to base 8
-77
What is -128 (base 12) in base 14?
-c8
What is -35 (base 12) in base 5?
-131
Convert 6 (base 12) to base 6.
10
100 (base 2) to base 7
4
-37 (base 9) to base 13
-28
What is -1 (base 2) in base 7?
-1
-1 (base 10) to base 6
-1
-d (base 16) to base 9
-14
What is 40 (base 6) in base 13?
1b
What is -1 (base 2) in base 6?
-1
What is 3 (base 10) in base 16?
3
0 (base 9) to base 6
0
What is -12e (base 16) in base 2?
-100101110
Convert -1 (base 7) to base 12.
-1
Convert 10 (base 4) to base 15.
4
-12 (base 12) to base 3
-112
Convert 3 (base 16) to base 12.
3
-13 (base 9) to base 12
-10
What is 165 (base 11) in base 15?
cc
Convert 0 (base 14) to base 10.
0
Convert -22 (base 9) to base 6.
-32
Convert 79 (base 12) to base 11.
85
0 (base 16) to base 7
0
What is 2 (base 13) in base 8?
2
Convert 7 (base 11) to base 16.
7
Convert 100 (base 2) to base 7.
4
3 (base 7) to base 16
3
Convert 1140 (base 5) to base 12.
122
0 (base 3) to base 9
0
What is 55 (base 9) in base 8?
62
11 (base 14) to base 4
33
Convert 242 (base 5) to base 2.
1001000
Convert -2 (base 8) to base 12.
-2
What is 3 (base 8) in base 14?
3
-14 (base 16) to base 12
-18
-3 (base 8) to base 11
-3
Convert -5 (base 12) to base 15.
-5
What is -57 (base 15) in base 8?
-122
Convert 1221 (base 3) to base 14.
3a
What is -1 (base 8) in base 16?
-1
What is 10000 (base 2) in base 12?
14
Convert -13 (base 8) to base 10.
-11
Convert -101 (base 3) to base 6.
-14
What is -4 (base 13) in base 11?
-4
What is 1 (base 2) in base 12?
1
What is 3 (base 6) in base 14?
3
Convert -1a0 (base 13) to base 16.
-12b
Convert -5 (base 8) to base 14.
-5
What is 11 (base 2) in base 6?
3
-100 (base 2) to base 9
-4
Convert -2 (base 10) to base 13.
-2
What is -22 (base 8) in base 2?
-10010
What is 3 (base 13) in base 6?
3
Convert 101101 (base 3) to base 14.
160
What is 10 (base 13) in base 5?
23
Convert 1c1 (base 14) to base 13.
221
Convert 10 (base 5) to base 10.
5
1b (base 13) to base 14
1a
52 (base 6) to base 11
2a
What is -e (base 15) in base 7?
-20
Convert -11000111 (base 2) to base 12.
-147
Convert 0 (base 11) to base 14.
0
What is -7 (base 11) in base 7?
-10
Convert -3 (base 12) to base 4.
-3
What is -241 (base 9) in base 7?
-403
21 (base 6) to base 11
12
What is 18 (base 11) in base 4?
103
Convert 3 (base 11) to base 16.
3
What is 1110001 (base 2) in base 11?
a3
-23 (base 13) to base 4
-131
What is -1 (base 5) in base 2?
-1
Convert -110 (base 5) to base 14.
-22
What is 110 (base 2) in base 10?
6
What is -2 (base 3) in base 5?
-2
-3 (base 15) to base 14
-3
Convert -3 (base 11) to base 14.
-3
What is -2 (base 9) in base 6?
-2
1 (base 10) to base 5
1
Convert 3 (base 10) to base 4.
3
What is 10d (base 15) in base 14?
130
Convert 1 (base 2) to base 3.
1
What is -17 (base 15) in base 16?
-16
0 (base 2) to base 9
0
What is 1d (base 16) in base 13?
23
What is -2 (base 9) in base 5?
-2
Convert -4 (base 9) to base 5.
-4
Convert -148 (base 11) to base 8.
-255
Convert -211 (base 7) to base 11.
-97
Convert 7 (base 13) to base 9.
7
120 (base 7) to base 16
3f
What is -29 (base 12) in base 13?
-27
16 (base 12) to base 14
14
What is 24b (base 13) in base 5?
3101
-a6 (base 11) to base 14
-84
What is -106 (base 14) in base 15?
-d7
Convert -304 (base 11) to base 12.
-267
Convert -4 (base 7) to base 11.
-4
Convert -1b7 (base 13) to base 2.
-100111111
Convert -11 (base 3) to base 8.
-4
-300 (base 4) to base 9
-53
Convert -2 (base 7) to base 16.
-2
-a (base 13) to base 6
-14
Convert 2 (base 3) to base 2.
10
What is 2 (base 6) in base 15?
2
What is -86 (base 12) in base 13?
-7b
15a (base 12) to base 8
326
203 (base 9) to base 5
1130
Convert -3 (base 7) to base 16.
-3
What is 266 (base 7) in base 16?
92
-144 (base 9) to base 2
-1111001
Convert 11 (base 10) to base 4.
23
What is 10020 (base 3) in base 5?
322
What is -4 (base 9) in base 4?
-10
Convert -146 (base 7) to base 6.
-215
Convert 1 (base 12) to base 9.
1
Convert 101 (base 2) to base 3.
12
What is 303 (base 7) in base 11?
127
-12 (base 12) to base 3
-112
Convert -5 (base 9) to base 14.
-5
-2122 (base 3) to base 13
-56
-2 (base 12) to base 3
-2
231 (base 7) to base 5
440
-1c (base 14) to base 8
-32
Convert -12 (base 5) to base 2.
-111
-a (base 13) to base 14
-a
2 (base 4) to base 13
2
Convert 23 (base 7) to base 5.
32
What is -73 (base 11) in base 4?
-1100
What is -223 (base 6) in base 11?
-7a
What is 4 (base 15) in base 3?
11
What is 33 (base 7) in base 3?
220
Convert 63 (base 10) to base 16.
3f
Convert 301 (base 5) to base 15.
51
1111111 (base 2) to base 16
7f
What is -14 (base 12) in base 16?
-10
What is 11 (base 5) in base 8?
6
What is 100 (base 2) in base 3?
11
What is -20 (base 12) in base 10?
-24
What is -45 (base 13) in base 12?
-49
Convert -235 (base 10) to base 12.
-177
Convert -100110 (base 2) to base 15.
-28
-431 (base 9) to base 7
-1012
What is -11020 (base 4) in base 2?
-101001000
Convert -111 (base 4) to base 8.
-25
What is 11011 (base 3) in base 11?
a2
-1 (base 3) to base 9
-1
-202 (base 3) to base 8
-24
What is 52 (base 10) in base 16?
34
20 (base 3) to base 15
6
-3 (base 16) to base 6
-3
5 (base 7) to base 3
12
-b7 (base 13) to base 15
-a0
What is 2 (base 9) in base 2?
10
Convert -3 (base 10) to base 4.
-3
Convert 60 (base 10) to base 11.
55
1ac (base 14) to base 16
15c
Convert 198 (base 11) to base 15.
103
Convert 4 (base 10) to base 4.
10
What is a (base 14) in base 9?
11
Convert 11a (base 11) to base 5.
1032
40 (base 16) to base 13
4c
What is 7 (base 9) in base 5?
12
What is 10101 (base 2) in base 10?
21
Convert -111 (base 3) to base 11.
-12
Convert -19 (base 16) to base 7.
-34
Convert 11 (base 2) to base 5.
3
-11 (base 12) to base 2
-1101
-132 (base 8) to base 6
-230
Convert 219 (base 10) to base 8.
333
-27 (base 11) to base 8
-35
-1 (base 16) to base 14
-1
Convert 1100 (base 2) to base 14.
c
What is 8 (base 16) in base 12?
8
What is -53 (base 12) in base 8?
-77
What is -21 (base 10) in base 14?
-17
Convert -1 (base 15) to base 5.
-1
Convert 42 (base 10) to base 13.
33
1 (base 5) to base 15
1
Convert e8 (base 16) to base 9.
277
Convert 133 (base 6) to base 4.
321
Convert -1322 (base 4) to base 15.
-82
-10 (base 2) to base 13
-2
31 (base 4) to base 14
d
Convert 3 (base 10) to base 4.
3
Convert -4 (base 10) to base 8.
-4
Convert 111 (base 2) to base 4.
13
Convert -2 (base 5) to base 2.
-10
Convert 433 (base 7) to base 8.
334
Convert 1012 (base 3) to base 10.
32
Convert 30 (base 6) to base 3.
200
25 (base 9) to base 6
35
-32 (base 9) to base 12
-25
0 (base 10) to base 13
0
-10 (base 2) to base 5
-2
Convert -11 (base 2) to base 5.
-3
What is 8a (base 11) in base 3?
10122
Convert 21 (base 10) to base 6.
33
-3 (base 13) to base 5
-3
15 (base 10) to base 12
13
-4 (base 7) to base 14
-4
What is -80 (base 15) in base 10?
-120
144 (base 7) to base 15
56
Convert -4b (base 14) to base 8.
-103
3 (base 6) to base 12
3
42 (base 9) to base 4
212
Convert -11 (base 9) to base 10.
-10
What is 4 (base 8) in base 5?
4
Convert -15 (base 12) to base 9.
-18
What is -10 (base 12) in base 9?
-13
Convert 202 (base 9) to base 12.
118
Convert -10213 (base 4) to base 6.
-1211
What is 0 (base 9) in base 14?
0
What is 110 (base 6) in base 12?
36
-353 (base 6) to base 10
-141
-6 (base 9) to base 16
-6
-424 (base 5) to base 15
-79
Convert -d5 (base 14) to base 16.
-bb
What is 4 (base 16) in base 9?
4
What is 2011 (base 3) in base 6?
134
What is c (base 15) in base 2?
1100
Convert 42 (base 10) to base 14.
30
Convert 112 (base 4) to base 8.
26
What is 13 (base 8) in base 16?
b
Convert -1 (base 14) to base 9.
-1
1003 (base 5) to base 12
a8
What is 11 (base 2) in base 13?
3
What is 2221 (base 3) in base 15?
54
What is -55 (base 9) 